ommon factor of d and 81?
9
Let x be 24*15/20*-1. Let y = x + 20. What is the highest common factor of 6 and y?
2
Suppose 4*u - 17 = 3. Let a be 2 + u + (-15)/(-5). Suppose -o + 354 = 5*y - 3*o, -o + 138 = 2*y. What is the highest common factor of y and a?
10
Suppose 2*b - 18 = -b. Let w = 8714 - 8711. What is the greatest common factor of b and w?
3
Let q be 3/(-5)*1*-45. Suppose -2*o + 5*y = -619, 3*y = -3*o + 5*y + 901. Calculate the greatest common divisor of o and q.
27
Let f be -5*((-866)/10 + -3). What is the greatest common factor of f and 64?
64
Let t be 6 - (18 - 11) - (-1 - 315). What is the greatest common factor of 35 and t?
35
Suppose 3*d + 669 = 4*h, -2*h - 5*d - 87 + 402 = 0. Suppose 795 = -19*u + 72*u. What is the highest common factor of u and h?
15
Let r = 199 + -189. What is the highest common divisor of r and 1330?
10
Suppose 7 + 7 = -j. Let z = -4 - j. Calculate the greatest common factor of 5 and z.
5
Let b be (1092/(-16))/(3/8). Let o = -133 - b. Calculate the highest common divisor of 14 and o.
7
Suppose -5*h = -2*k - 360, 2*k + 165 = 4*h - 123. What is the highest common divisor of 16 and h?
8
Let h be 11*(0 + -3 - -4). What is the greatest common divisor of h and 187?
11
Let m(u) be the first derivative of u**3/3 + 7*u - 22. Let x be m(-3). Calculate the greatest common divisor of x and 32.
16
Suppose -335*s + 295*s + 640 = 0. Let v be (6/5)/((-2)/(-40)). Calculate the highest common factor of v and s.
8
Suppose -8*u - 49 - 7 = 0. Let t be ((-21)/u)/(6/16). What is the highest common factor of t and 8?
8
Let m = 246 + -230. Calculate the highest common factor of m and 1.
1
Let w(x) = x**3 + 9*x**2 - 15*x - 11. Let y be w(-11). Let j = y + 123. Calculate the greatest common factor of j and 7.
7
Let r = 5 + -3. Suppose -r*t - 7 = 5*s - 1, -4*s + 5*t = 18. Let n be -1 + 3 + s + 48. What is the highest common divisor of n and 6?
6
Suppose 4*k - 2728 = 4*q, -2*k + 3*q + 1364 = 4*q. Calculate the greatest common divisor of 186 and k.
62
Suppose 46 = 4*x - 5*g, 0 = 3*x - 0*x + 4*g - 19. Calculate the highest common divisor of 54 and x.
9
Let k(i) = 9*i - 7*i - 7 - 6*i. Let n be k(-10). Calculate the highest common divisor of 297 and n.
33
Let p = -644 + 712. Calculate the highest common divisor of p and 119.
17
Let f(u) = 2*u**3 - 16*u**2 - 16*u + 50. Let p be f(9). Calculate the greatest common divisor of p and 748.
68
Suppose 0*p - 3 = -p. Suppose -21 = -3*z + p. Suppose -8 - 8 = -2*n. What is the greatest common factor of z and n?
8
Let i be (-746)/(-3)*((-36)/(-8) - 3). Suppose -5*q = -2*k + 140, 0 = 5*k - 6*q + 5*q - i. Calculate the highest common factor of k and 15.
15
Let t(r) = 43*r + 19. Let k be t(6). Let n = k - 24. What is the highest common divisor of 23 and n?
23
Let n(m) = -m**3 - 19*m**2 + 16*m - 3. Let c be n(-20). Suppose -3*z - 43 = -5*k, -z + 16 = 3*z. What is the highest common divisor of k and c?
11
Suppose -v - 3*m + 3 = 0, 0 = -7*v + 2*v - 5*m + 15. Suppose v*n + 50 = d - 60, 4*n = 2*d - 144. Let k = 16 - n. What is the highest common divisor of k and 6?
6
Let y be 312/56 - 4/7. Suppose -5*g + 2*p + 30 + 65 = 0, 3*g - y*p = 38. Calculate the highest common divisor of 3 and g.
3
Suppose -175 = -4*g - 823. Let y = 297 + g. Suppose z - 6*z - y = -2*s, 2*z = -s + 72. Calculate the greatest common factor of s and 10.
10
Suppose -46*u = -44*u - 380. What is the greatest common factor of u and 30?
10
Let p(a) = a**2 - 7*a - 5. Let m be p(9). Calculate the highest common divisor of 481 and m.
13
Suppose 5*p - 8 = c + 19, -4*c - 8 = 0. Suppose -115 = p*f - 755. What is the highest common divisor of f and 16?
16
Let i = 67 + -46. Let p = i - 24. Let b(s) = -3*s + 6. Let q be b(p). Calculate the greatest common divisor of 3 and q.
3
Suppose 135 = 4*b + 11. Let n = 37 - b. What is the greatest common divisor of 24 and n?
6
Suppose 29*d = 99 + 249. Calculate the highest common divisor of 492 and d.
12
Let s = -2 - -4. Let x be (-622)/(-8) - s/(-8). Let n = -48 + x. What is the greatest common divisor of 45 and n?
15
Let r(x) = 2*x**2 + 7*x + 18. Let p be r(7). Let n be 64 + 0 - (-6)/9*3. Calculate the highest common factor of p and n.
33
Let f(d) = -d**2 + 29*d + 19. Let c be f(29). What is the highest common factor of 247 and c?
19
Suppose 3*y - 42 = 5*d - 4*d, 5*y + 4*d = 87. Suppose -y = 2*r - 5*r. Suppose 29 = -r*p + 249. What is the greatest common divisor of 22 and p?
22
Let a = -14 - -42. Suppose 4*u - 88 = a. Calculate the greatest common factor of u and 261.
29
Let m(d) = d**3 + 25*d**2 - 22*d + 131. Let j be m(-26). Calculate the highest common factor of j and 864.
27
Let y(t) = 2*t**2 + 21*t + 89. Let h be y(-8). Let o be (10/(-4))/(1/(-2)). Suppose -m + o*m = 28. What is the greatest common factor of h and m?
7
Let l(u) = 22*u + 59. Let y be l(0). What is the greatest common factor of 649 and y?
59
Suppose -i = 3*j - 15, 3*j - 29 = -2*i - 2. Let q(g) = g**2 - 24. Let a be q(i). Calculate the highest common factor of 30 and a.
30
Suppose -6*g - l = -g - 1703, 3*l = -6. Let b(m) = -m**2 + 19*m + 31. Let y be b(19). Calculate the highest common divisor of g and y.
31
Let l(b) = -5*b**3 + b**2 + 16 + 15*b**3 - 9*b**3. Let g = -2 - -2. Let c be l(g). What is the highest common factor of c and 8?
8
Suppose -3*f + 2*c = -315 - 1355, -5*f - 3*c = -2815. What is the highest common divisor of f and 210?
70
Suppose -7*p + 8*p - 31 = 0. Let i = -20 + p. What is the highest common factor of 11 and i?
11
Let v = -24 - 5. Let z = -22 - v. What is the highest common factor of z and 77?
7
Let a be ((-5)/2)/((-3)/(-12)). Let b(c) = -2*c - 16. Let y be b(a). Suppose i = 4*i - 120. Calculate the greatest common divisor of y and i.
4
Let c(p) = p**2 - 21*p + 47. Let m be c(18). Let v be (-75)/2*((-42)/(-9))/m. Calculate the greatest common divisor of v and 25.
25
Let t be 16/6*(-6)/4. Let g be 24/t + -1 + 1. Let y be (52/6)/((-4)/g). Calculate the highest common factor of y and 130.
13
Suppose -2*b = -0*b - 10. Suppose 0 = 3*i - b*s - 61, 5*i - 79 = -3*s - 0*s. Calculate the highest common factor of i and 17.
17
Suppose -4*u + 240 = -8*u. Let j = u + 73. Calculate the highest common factor of j and 65.
13
Suppose 3*c = 2*c + 13. Suppose 10*m = c*m - 36. Let i = -5 + 11. Calculate the highest common divisor of m and i.
6
Suppose -2*j = -0 - 2. Let k(p) = 18*p - 1. Let m be k(j). Calculate the greatest common factor of 34 and m.
17
Let k be -5*((-6)/10 - 1). Suppose 2*p = 5*a - 18, -3*p = 3*a + 2*p + 14. Calculate the greatest common divisor of k and a.
2
Let s be (3/6)/((-1)/(-456)). Suppose o + 2*o - s = 0. Let t be 2271/(-24)*-2 + 135/180. Calculate the greatest common factor of t and o.
38
Suppose 224 = 33*c - 1162. Calculate the greatest common factor of 672 and c.
42
Suppose -2*n + 360 = 3*n. Suppose -41 + 77 = -3*i. Let w be (-248)/(-14) - i/42. Calculate the greatest common factor of n and w.
18
Let o = -2 - 22. Let x = 36 + o. What is the greatest common divisor of 36 and x?
12
Let b = 139 - 85. Calculate the highest common factor of 594 and b.
54
Let h = -25 - -7. Let l be (h/(-15))/((-3)/510). Let p be 1/2*l/(-17). What is the greatest common factor of 6 and p?
6
Let v be (-1)/(10/(-1262)) - (-1)/(-5). What is the greatest common divisor of 28 and v?
14
Suppose 3*j - 282 - 732 = 0. Suppose 8*q - j = 230. Suppose -4*u + 121 + q = 0. What is the greatest common factor of 6 and u?
6
Let b be 12 - ((-98)/(-7))/7. What is the highest common factor of 20 and b?
10
Let k = 751 + -591. What is the highest common divisor of k and 64?
32
Let f be (-40)/3 - 6/9. Let i(s) = -21*s + 21. Let q be i(6). Let o be 836/30 + f/q. What is the greatest common factor of o and 112?
28
Suppose -2*k - 2*o + 12 = 0, 14 = 5*k + 2*o - 5*o. Suppose k*t - 42 - 6 = 0. Calculate the highest common factor of 42 and t.
6
Let p(c) = 2*c + 42. Suppose -5*h - 31 = 34. Let t be p(h). Calculate the highest common divisor of 144 and t.
16
Let m(z) = -z**3 + 12*z**2 - 21*z + 20. Let j be m(9). What is the greatest common divisor of j and 814?
74
Suppose -w + 0*w = 4*r - 5, 4*r = 4*w - 20. Suppose -4*j = -2*s + 5*s - 115, 3*j - 4*s - 80 = r. Calculate the highest common divisor of j and 84.
28
Let s = 93 + -48. What is the greatest common factor of